 - 2*q. Calculate g(6).
16
Let s(f) = 53*f**2 + 37*f - 94. Let m(h) = -42*h**2 - 37*h + 92. Let b(d) = -5*m(d) - 4*s(d). What is b(16)?
-4
Let o(y) = 6*y**2 - 216*y - 58. Let t(i) = -i**2 + 43*i + 11. Let z(d) = -3*o(d) - 16*t(d). Calculate z(-20).
-2
Let a(t) = 15 + 369*t - 42 - 38 - 375*t. Give a(-20).
55
Suppose 5*b = -7 + 27. Let y = 13 + -11. Let p(t) = 4*t + 15*t - 12*t - 3 - t**y. What is p(b)?
9
Let v(d) = -d**2 - 10*d + 23. Let i be v(-15). Let x = 54 + i. Suppose -3*l + 7 = 1, 0 = 2*b + x*l. Let r(k) = 5*k**2 + k. What is r(b)?
18
Let z(c) = -18*c + 1. Suppose -3*t + 5*o = 1 - 10, 4*o + 4 = 4*t. What is z(t)?
37
Let p = -123 - -131. Let j = 50 + -48. Let s(v) = 0*v**2 - 4 - v - 6*v**2 - 5*v + p*v**j. What is s(5)?
16
Let k(d) = 8*d + 3 + 29 - 6 + 23 + 11. Determine k(-8).
-4
Let b(a) = 168*a - 550. Let v(u) = 97*u - 274. Let d(f) = -4*b(f) + 7*v(f). Determine d(-41).
-5
Suppose -2*l = -5*i + 49, 7*i = 3*i - 2*l + 32. Let d(c) = -15 + 2*c + 1 - c**2 + i + 1 - 7*c. Calculate d(-3).
2
Let s(h) be the first derivative of h**4/4 - 2*h**3 - 4*h**2 + 6*h + 979. What is s(7)?
-1
Suppose 0 = 5*q - 5*z - 681 + 181, -4*q + z + 409 = 0. Let a(o) = 107 - q + o + 4*o + o. What is a(-3)?
-14
Let i(s) be the first derivative of 3*s**2/2 + 29*s - 1. Let z be 14*(-6*(-3)/18)/(-2). Let l be i(z). Let k(f) = -f**3 + 8*f**2 - 2*f + 8. What is k(l)?
-8
Let l(u) = -2*u - 23. Let r be l(-11). Let s be r/((3/(-774))/(2/4)). Let p(x) = -11 - 129*x + x**2 + s*x. Calculate p(0).
-11
Let o(y) = -11 - 500*y - 8*y**2 + 497*y + 15 + y**3. Calculate o(8).
-20
Let r be (6/(-5))/((-14)/245*-7). Let j(z) = 4*z**2 - 2*z - 7. Determine j(r).
35
Suppose -13 + 20 = f. Let n(i) = f*i + 9 - 7*i - 8 - 9*i**2. Let u be ((-6)/18)/((-2)/(-6)). Calculate n(u).
-8
Let j(y) = -2*y + 3. Suppose 0 = 4*d - 3*l - 177, -4*d - 3*l = -6*d + 87. Let v = -48 + d. What is j(v)?
9
Let c(z) = 89*z - z**2 - 351 + 4*z**2 + 367 - 25*z - 34*z. What is c(-9)?
-11
Let t(h) = h**3 - 4*h**2 + 1 + 2 + 0 - 6*h. Let c(k) = -k**2 + 9*k - 9. Let o be (-756)/(-90) + 21/(-15). Let b be c(o). Calculate t(b).
-2
Suppose 40 = 2*n - 2*x, 2*x - 40 = -4*n - 2*x. Suppose -5*w - n = 5*c, -2*c - 3*w - 2*w - 6 = 0. Let t(l) = 2*l**2 + l - 2. Give t(c).
13
Let j = -10635 + 10642. Let i(x) = 2*x - 2. Determine i(j).
12
Let m(s) = 5*s**2 + 618*s + 1577. Let k be m(-121). Let y(d) = 6 + 0*d**3 - d**3 + 5*d**2 - d - 4*d. Give y(k).
2
Let d(v) be the first derivative of 28 + 0*v + 13/2*v**4 + 0*v**2 - 1/3*v**3. Determine d(1).
25
Let u(z) be the second derivative of z**5/24 + 5*z**4/12 + z**3/2 - 55*z**2/2 + z - 85. Let l(v) be the second derivative of u(v). Give l(-3).
-5
Suppose -5*l - 53 = -4*g, 3*g - 5*g + 24 = -2*l. Suppose -229*r = -222*r + g. Let d(c) = c**3 - c**2. Determine d(r).
-2
Let i(m) = -4*m + 19. Suppose 34*k - 99 = 23*k. Give i(k).
-17
Let g = -1219 + 1218. Let z(i) = 6*i - 3. Determine z(g).
-9
Let z(g) = g**3 + 6*g**2 - 17*g - 26. Suppose -4*f - 47 = -5*m, -164*m + 162*m = -2*f - 22. What is z(f)?
-18
Let g(o) = o**3 - 6*o**2 - 6*o. Suppose -9 = 3*n, 21*k = 16*k + 5*n + 55. Give g(k).
80
Let w(d) = 4*d**2 - 2*d + 4. Let o be w(2). Let a(k) = 2*k - k**3 - 11*k**2 - 24*k**2 + 19 + 13*k + 50*k**2. Give a(o).
3
Let d(r) = r**3 + 13*r**2 + 30*r + 24. Let u be (-11*(-2)/6 - 3)/(289/(-4335)). What is d(u)?
24
Let p(b) = -b**2 + 4*b - 8. Suppose 9*v + 8 = 7*v, 16 = 2*m - 4*v. Suppose -15*g + 101 - 11 = m. What is p(g)?
-20
Let k = 64 + -60. Let s(q) = 4*q + 1. Let w(l) = -3*l - 2. Let v(r) = r**2 + 6*r - 11. Let i be v(-8). Let h(b) = i*s(b) + k*w(b). Calculate h(3).
21
Let m(i) = -2*i**3 - i**2 - i - 2. Let f(v) = 2*v**2 - 33*v + 34. Let r be f(1). Let w(a) = -a**3 + 1. Let z(b) = r*w(b) - m(b). Calculate z(0).
5
Let y(v) = -3*v + 3. Let r be y(-1). Let n(m) be the first derivative of -m**4/4 + 2*m**3 - m**2/2 - 10. Calculate n(r).
-6
Let n(g) = 3*g - 6. Suppose -32*o = -24*o - 16. Suppose -10*i - 64 = -o*i. Calculate n(i).
-30
Let n be (3/(-2))/(0 + 3/(-2)). Let p = n + 11. Suppose p = -4*o + 32. Let a(t) = t - 10. What is a(o)?
-5
Let u(m) be the third derivative of -m**5/30 + m**4/12 - m**3/2 + 2*m**2. Suppose -2*x - 1584 = -4*w, -3*x = w - 0*w - 396. Let o = w - 393. What is u(o)?
-15
Let j(v) = v**3 + 2*v**2 - 1. Let s be j(1). Let d be -10 - (s/4*-2 + 2). Let c(q) = -13*q - 17. Let w(m) = -7*m - 9. Let p(h) = d*w(h) + 6*c(h). What is p(0)?
-3
Let g(d) = 155*d + 761. Let c(a) = 80*a + 365. Let i(p) = 5*c(p) - 3*g(p). Calculate i(-7).
-3
Let v(r) = -r**3 + 3*r**2 - r + 5. Let y be v(3). Let f(q) = -5*q - 7*q**y - 3*q**3 + 7*q**3 + 1 - 5*q**3 + 0*q**3. What is f(-6)?
-5
Let v(f) = -2*f**2 - 8*f - 9. Let y(z) = z**2. Let r(q) = -v(q) - 4*y(q). Let c be (-50 - -5)/(-5) + (-32)/8. Determine r(c).
-1
Let o(q) be the third derivative of 7*q**4/8 - q**3/6 + q**2 - 345*q. Let l be (6/(-4) - -1)*2. Determine o(l).
-22
Let l(g) be the second derivative of g**3/2 - 47*g**2/2 - 1575*g. What is l(15)?
-2
Let x(i) be the third derivative of -i**4/24 - i**3/3 - 2276*i**2. Determine x(21).
-23
Let w(d) = 19*d + 11*d**2 + 12*d**3 - 36 + 32*d**3 - 16*d**2 - 41*d**3. Determine w(2).
6
Let c(u) = u**2 + 7*u - 5. Let y = 2979 - 2984. Give c(y).
-15
Let q(a) = 7*a**3 + 34*a**2 + 13*a - 24. Let o(r) = -5*r**3 - 16*r**2 - 7*r + 14. Let u(j) = -5*o(j) - 3*q(j). Determine u(6).
50
Suppose 22 = -3*d + 5*h, -24 = d - 5*d - 4*h. Let a(i) = d + i - 2*i + 3 + 2*i. What is a(3)?
7
Let g(b) = b + 7. Let k = -43 - -176. Let l = 127 - k. Determine g(l).
1
Let f(x) = 6*x + 15. Let h(i) = -i**2 + 61*i + 785. Let o be h(72). What is f(o)?
-27
Suppose -w = -2*w - 6. Let s(y) = -4*y**2 - 7*y - 12. Let b(a) = -a**2 - 2*a - 1. Let r(i) = w*b(i) + s(i). Calculate r(-3).
-3
Suppose 3*l + 2*h = -22, -2*h = -2*l - 2*l - 20. Let a(m) = 10. Let q(s) = -s + 9. Let r(o) = -3*a(o) + 2*q(o). Let d be r(l). Let b(z) = -z**3 - 7. Give b(d).
-7
Suppose 4 - 1 = o. Suppose 3 + 12 = 5*y - o*i, 3*y + 2 = 4*i. Suppose 0*j = -j - y. Let h(a) = a**3 + 7*a**2 + 9*a + 9. Give h(j).
-9
Suppose -9 = 3*w, 0 - 54 = -3*d + 3*w. Suppose -24 = -5*c + 3*t, 2*t = 7*t + d. Let k(q) = 4*q**2 + q - q**3 - c + 0*q**2 + q + 0*q. Give k(4).
5
Let q be (12 - -5) + 21/3. Suppose -z + 11*t + 4 = 10*t, t = 5*z - q. Let l(a) = 4*a - 3. Let h(v) = -2*v + 2. Let u(w) = -7*h(w) - 3*l(w). What is u(z)?
5
Let m(x) be the first derivative of -x**4/4 - 4*x**3 - 3*x**2 + 36*x + 656. Give m(-11).
-19
Let u(w) = -201*w + 2420. Let d be u(12). Let t(y) = -y**3 + 6*y**2 + 14*y + 5. Give t(d).
-11
Let x(s) = -69*s**3 + 7*s**2 - 39*s - 31. Let q(t) = -83*t**3 + 5*t**2 - 39*t - 32. Let w(d) = -5*q(d) + 6*x(d). What is w(-19)?
-7
Let a = 2936 - 2936. Let l(d) = d**2 - d - 50. Determine l(a).
-50
Let d = -320 - -330. Suppose 5*n - 25 = 0, -5*f + d*f + n - 45 = 0. Let r(q) = -q**2 + 6*q - 8. Give r(f).
-24
Suppose -j - 10*j + 143 = 0. Let k(o) = 4*o**3 - 13*o**2 + 8. Let f(i) = -5*i**3 + 13*i**2 - 9. Let m(p) = -3*f(p) - 4*k(p). What is m(j)?
-5
Let p = 267 - 266. Let w(k) = -5*k. Let s(z) = 3*z + 31. Let t(b) = p*s(b) + w(b). Determine t(14).
3
Let q(l) be the third derivative of -l**7/1008 + l**6/120 + 11*l**5/60 - 5*l**4/24 + 116*l**2. Let h(w) be the third derivative of q(w). Calculate h(-7).
41
Let p(t) be the third derivative of -t**6/240 - 7*t**5/120 - t**4/12 - 49*t**3/6 + 38*t**2 + 2*t. Let s(a) be the second derivative of p(a). Give s(5).
-22
Suppose 3*u - 4*q - 196 = 0, -3*u + q = -2*q - 201. Suppose 9*t = -3*t + u. Let n(v) = t + 9 - 3*v**2 - 7 - 5*v + 2*v**2. Determine n(-6).
2
Let v(n) be the third derivative of n**5/60 - 5*n**4/24 - 3*n**3 + 11*n**2. Let a be v(9). Let b = a + -12. Let d(l) = l**2 - 9*l + 9. Determine d(b).
-9
Suppose 0 = -3*k - 5*k + 40. Suppose -3*r + 59 = k. Let o(u) = -r*u - 2 + 13*u + 4*u. What is o(-6)?
4
Let w(k) = -k - 4. Let j(v) = -v**2 + 29*v - 14. Let n(h) = -j(h) - 2*w(h). Give n(26).
-4
Let l be (-5)/10*4*(-64)/(-8). Let u be 4/l + (-21)/(-4). Let i(s) = s**3 - 5*s**2 + 7*s. What is i(u)?
35
Let c(a) = a - 63. Let p(i) = 58. Let n(x) = -8*c(x) - 7*p(x). Give n(8).
34
Let g(x) = -30*x + 13. Let p(t) = -43*t + 11. Let r(h) = -4*g(h) + 3*p(h). What is r(-2)?
-1
Suppose -s + 2 = 0, 3*l + 2*l - 2*s - 11 = 0. Let g(b) = -4 + 8*b - 4 + l + 4. Suppose 5*y = 2*h + 5